560.
14
What is the remainder when 104026 is divided by 33?
10
Calculate the remainder when 26304 is divided by 13144.
16
What is the remainder when 4464 is divided by 441?
54
What is the remainder when 250 is divided by 26?
16
Calculate the remainder when 4403 is divided by 36.
11
Calculate the remainder when 1730 is divided by 138.
74
What is the remainder when 899 is divided by 434?
31
Calculate the remainder when 88605 is divided by 42.
27
Calculate the remainder when 72707 is divided by 2596.
19
Calculate the remainder when 276 is divided by 257.
19
What is the remainder when 137641 is divided by 4?
1
Calculate the remainder when 87483 is divided by 144.
75
Calculate the remainder when 33023 is divided by 32272.
751
Calculate the remainder when 247 is divided by 217.
30
Calculate the remainder when 111449 is divided by 419.
414
Calculate the remainder when 30652 is divided by 1532.
12
Calculate the remainder when 38739 is divided by 33.
30
What is the remainder when 114543 is divided by 3817?
33
What is the remainder when 4708 is divided by 137?
50
Calculate the remainder when 12260 is divided by 208.
196
Calculate the remainder when 21436 is divided by 10643.
150
Calculate the remainder when 1586 is divided by 1571.
15
Calculate the remainder when 11562 is divided by 11481.
81
Calculate the remainder when 60645 is divided by 168.
165
Calculate the remainder when 29739 is divided by 310.
289
What is the remainder when 3912 is divided by 1188?
348
Calculate the remainder when 163955 is divided by 12.
11
What is the remainder when 1744 is divided by 365?
284
What is the remainder when 4659 is divided by 1543?
30
What is the remainder when 489 is divided by 5?
4
Calculate the remainder when 228926 is divided by 1085.
1076
What is the remainder when 35607 is divided by 82?
19
What is the remainder when 12087 is divided by 31?
28
Calculate the remainder when 7779 is divided by 63.
30
Calculate the remainder when 1375 is divided by 145.
70
What is the remainder when 940 is divided by 38?
28
Calculate the remainder when 114329 is divided by 7145.
9
What is the remainder when 21740 is divided by 1449?
5
What is the remainder when 356 is divided by 289?
67
Calculate the remainder when 200500 is divided by 44.
36
Calculate the remainder when 40868 is divided by 5.
3
What is the remainder when 190757 is divided by 350?
7
Calculate the remainder when 10625 is divided by 366.
11
What is the remainder when 157457 is divided by 31?
8
What is the remainder when 102 is divided by 21?
18
Calculate the remainder when 19954 is divided by 94.
26
Calculate the remainder when 5828 is divided by 343.
340
What is the remainder when 163175 is divided by 156?
155
What is the remainder when 4660 is divided by 181?
135
What is the remainder when 105725 is divided by 105715?
10
Calculate the remainder when 16266 is divided by 5422.
0
Calculate the remainder when 38218 is divided by 450.
418
What is the remainder when 5184 is divided by 894?
714
Calculate the remainder when 4014622 is divided by 744.
742
What is the remainder when 2018 is divided by 511?
485
Calculate the remainder when 16416 is divided by 357.
351
What is the remainder when 15458973 is divided by 32?
29
What is the remainder when 1907254 is divided by 76290?
4
What is the remainder when 7002 is divided by 358?
200
What is the remainder when 4100 is divided by 120?
20
What is the remainder when 84504 is divided by 3380?
4
What is the remainder when 18055 is divided by 1956?
451
Calculate the remainder when 1582 is divided by 305.
57
What is the remainder when 1201689 is divided by 133521?
0
Calculate the remainder when 7846 is divided by 384.
166
Calculate the remainder when 4160 is divided by 476.
352
What is the remainder when 164146 is divided by 45?
31
Calculate the remainder when 34405 is divided by 46.
43
What is the remainder when 4477 is divided by 299?
291
Calculate the remainder when 120914 is divided by 151.
114
Calculate the remainder when 680519 is divided by 265.
264
What is the remainder when 4206 is divided by 900?
606
What is the remainder when 121700 is divided by 11?
7
Calculate the remainder when 5887 is divided by 765.
532
What is the remainder when 9079 is divided by 211?
6
What is the remainder when 12322 is divided by 21?
16
Calculate the remainder when 1992 is divided by 1120.
872
What is the remainder when 1129 is divided by 241?
165
What is the remainder when 8223 is divided by 2739?
6
Calculate the remainder when 964 is divided by 234.
28
Calculate the remainder when 1628 is divided by 30.
8
Calculate the remainder when 10479 is divided by 47.
45
What is the remainder when 1220230 is divided by 13?
11
What is the remainder when 13602 is divided by 166?
156
Calculate the remainder when 11612 is divided by 23.
20
What is the remainder when 773691 is divided by 77?
72
Calculate the remainder when 48862 is divided by 3479.
156
Calculate the remainder when 3288 is divided by 310.
188
What is the remainder when 715 is divided by 26?
13
Calculate the remainder when 139363 is divided by 894.
793
Calculate the remainder when 10474 is divided by 184.
170
What is the remainder when 46780 is divided by 11?
8
What is the remainder when 2856 is divided by 926?
78
Calculate the remainder when 444516 is divided by 39.
33
What is the remainder when 11074 is divided by 107?
53
What is the remainder when 3115 is divided by 246?
163
Calculate the remainder when 20827 is divided by 274.
3
What is the remainder when 19113 is divided by 13?
3
What is the remainder when 125825 is divided by 6?
5
What is the remainder when 55782 is divided by 640?
102
Calculate the remainder when 78762 is divided by 388.
386
What is the remainder when 18662 is divided by 232?
102
Calculate the remainder when 5245 is divided by 32.
29
Calculate the remainder when 62 is divided by 20.
2
What is the remainder when 20874 is divided by 4168?
34
Calculate the remainder when 110228 is divided by 11.
8
What is the remainder when 90880 is divided by 415?
410
Calculate the remainder when 1627 is divided by 10.
7
Calculate the remainder when 18119 is divided by 18075.
44
Calculate the remainder when 16910 is divided by 1207.
12
What is the remainder when 153654 is divided by 260?
254
Calculate the remainder when 59064 is divided by 59054.
10
Calculate the remainder when 3048 is divided by 202.
18
Calculate the remainder when 153102 is divided by 2734.
2732
What is the remainder when 160177 is divided by 181?
173
What is the remainder when 680262 is divided by 78?
24
Calculate the remainder when 4366 is divided by 21.
19
Calculate the remainder when 16769 is divided by 300.
269
What is the remainder when 35045 is divided by 38?
9
Calculate the remainder when 8219 is divided by 799.
229
What is the remainder when 41069 is divided by 20521?
27
What is the remainder when 615 is divided by 583?
32
What is the remainder when 38622 is divided by 284?
282
What is the remainder when 237510 is divided by 513?
504
Calculate the remainder when 18615 is divided by 300.
15
What is the remainder when 474021 is divided by 48?
21
Calculate the remainder when 3517 is divided by 543.
259
What is the remainder when 15903 is divided by 419?
400
What is the remainder when 597453 is divided by 9?
6
Calculate the remainder when 1278 is divided by 1259.
19
What is the remainder when 3731 is divided by 182?
91
Calculate the remainder when 27852 is divided by 45.
42
Calculate the remainder when 2599 is divided by 716.
451
What is the remainder when 17541 is divided by 390?
381
Calculate the remainder when 749 is divided by 103.
28
What is the remainder when 9795 is divided by 918?
615
What is the remainder when 11252 is divided by 3748?
8
What is the remainder when 10443 is divided by 695?
18
Calculate the remainder when 3808 is divided by 680.
408
What is the remainder when 829 is divided by 80?
29
What is the remainder when 244562 is divided by 1193?
1190
Calculate the remainder when 36080 is divided by 18037.
6
Calculate the remainder when 7842113 is divided by 981.
980
What is the remainder when 293706 is divided by 381?
336
Calculate the remainder when 105674 is divided by 13.
10
Calculate the remainder when 14937 is divided by 15.
12
What is 